{"id":134,"date":"2024-01-11T12:53:35","date_gmt":"2024-01-11T12:53:35","guid":{"rendered":"https:\/\/staging.awakendivineconsciousness.com\/?page_id=134"},"modified":"2024-05-13T16:05:23","modified_gmt":"2024-05-13T16:05:23","slug":"privesessies","status":"publish","type":"page","link":"https:\/\/awakendivineconsciousness.com\/index.php\/privesessies\/","title":{"rendered":"Priv\u00e9 sessies"},"content":{"rendered":"<div id='av_section_1'  class='avia-section av-16ls5i-a0f651d94aa74d9adb28aacbf2023986 main_color avia-section-default avia-no-shadow  avia-builder-el-0  el_before_av_one_full  avia-builder-el-first  avia-bg-style-scroll container_wrap fullsize'  ><div class='container av-section-cont-open' ><main  role=\"main\" itemprop=\"mainContentOfPage\"  class='template-page content  av-content-full alpha units'><div class='post-entry post-entry-type-page post-entry-134'><div class='entry-content-wrapper clearfix'>\n\n<style type=\"text\/css\" data-created_by=\"avia_inline_auto\" id=\"style-css-av-13v8ba-86fa5815b8e7711837ef2e51cd3c3784\">\n#top .flex_column.av-13v8ba-86fa5815b8e7711837ef2e51cd3c3784{\nmargin-top:-40px;\nmargin-bottom:0px;\n}\n.flex_column.av-13v8ba-86fa5815b8e7711837ef2e51cd3c3784{\nborder-radius:0px 0px 0px 0px;\npadding:0px 0px 0px 0px;\n}\n.responsive #top #wrap_all .flex_column.av-13v8ba-86fa5815b8e7711837ef2e51cd3c3784{\nmargin-top:-40px;\nmargin-bottom:0px;\n}\n<\/style>\n<div  class='flex_column av-13v8ba-86fa5815b8e7711837ef2e51cd3c3784 av_one_full  avia-builder-el-1  avia-builder-el-no-sibling  first flex_column_div av-zero-column-padding  '     ><div  class='avia-slideshow av-zgru6-c088e86fa4c6e4c95b12cec47832d772 avia-slideshow-featured av_slideshow avia-slide-slider  avia-builder-el-2  avia-builder-el-no-sibling  av-slideshow-ui av-control-default av-slideshow-manual av-loop-once av-loop-manual-endless av-default-height-applied avia-slideshow-1' data-slideshow-options=\"{&quot;animation&quot;:&quot;slide&quot;,&quot;autoplay&quot;:false,&quot;loop_autoplay&quot;:&quot;once&quot;,&quot;interval&quot;:5,&quot;loop_manual&quot;:&quot;manual-endless&quot;,&quot;autoplay_stopper&quot;:false,&quot;noNavigation&quot;:false,&quot;bg_slider&quot;:false,&quot;keep_padding&quot;:false,&quot;hoverpause&quot;:false,&quot;show_slide_delay&quot;:0}\"  itemprop=\"image\" itemscope=\"itemscope\" itemtype=\"https:\/\/schema.org\/ImageObject\" ><ul class='avia-slideshow-inner ' style='padding-bottom: 28.666666666667%;'><li  class='avia-slideshow-slide av-zgru6-c088e86fa4c6e4c95b12cec47832d772__0  slide-1 slide-odd'><div data-rel='slideshow-1' class='avia-slide-wrap '   ><img decoding=\"async\" fetchpriority=\"high\" class=\"wp-image-109 avia-img-lazy-loading-not-109\"  src=\"https:\/\/awakendivineconsciousness.com\/wp-content\/uploads\/2024\/01\/Divyael-foto-UK-2-1500x430.jpg\" width=\"1500\" height=\"430\" title='Divyael foto UK 2' alt=''  itemprop=\"thumbnailUrl\"   \/><\/div><\/li><li  class='avia-slideshow-slide av-zgru6-c088e86fa4c6e4c95b12cec47832d772__1  slide-2 slide-even'><div data-rel='slideshow-1' class='avia-slide-wrap '   ><img decoding=\"async\" fetchpriority=\"high\" class=\"wp-image-287 avia-img-lazy-loading-not-287\"  src=\"https:\/\/awakendivineconsciousness.com\/wp-content\/uploads\/2024\/04\/IMG_20230614_194152-1500x430.jpg\" width=\"1500\" height=\"430\" title='IMG_20230614_194152' alt=''  itemprop=\"thumbnailUrl\"   \/><\/div><\/li><li  class='avia-slideshow-slide av-zgru6-c088e86fa4c6e4c95b12cec47832d772__2  slide-3 slide-odd'><div data-rel='slideshow-1' class='avia-slide-wrap '   ><img decoding=\"async\" fetchpriority=\"high\" class=\"wp-image-108 avia-img-lazy-loading-not-108\"  src=\"https:\/\/awakendivineconsciousness.com\/wp-content\/uploads\/2024\/01\/Divyael-foto-UK-1-1500x430.jpg\" width=\"1500\" height=\"430\" title='Divyael foto UK 1' alt=''  itemprop=\"thumbnailUrl\"   \/><\/div><\/li><li  class='avia-slideshow-slide av-zgru6-c088e86fa4c6e4c95b12cec47832d772__3  slide-4 slide-even'><div data-rel='slideshow-1' class='avia-slide-wrap '   ><img decoding=\"async\" fetchpriority=\"high\" class=\"wp-image-114 avia-img-lazy-loading-not-114\"  src=\"https:\/\/awakendivineconsciousness.com\/wp-content\/uploads\/2024\/01\/IMG_20221007_193227-1500x430.jpg\" width=\"1500\" height=\"430\" title='IMG_20221007_193227' alt=''  itemprop=\"thumbnailUrl\"   \/><\/div><\/li><li  class='avia-slideshow-slide av-zgru6-c088e86fa4c6e4c95b12cec47832d772__4  slide-5 slide-odd'><div data-rel='slideshow-1' class='avia-slide-wrap '   ><img decoding=\"async\" fetchpriority=\"high\" class=\"wp-image-325 avia-img-lazy-loading-not-325\"  src=\"https:\/\/awakendivineconsciousness.com\/wp-content\/uploads\/2024\/04\/kopp-1500x430.jpg\" width=\"1500\" height=\"430\" title='kopp' alt=''  itemprop=\"thumbnailUrl\"   \/><\/div><\/li><li  class='avia-slideshow-slide av-zgru6-c088e86fa4c6e4c95b12cec47832d772__5  slide-6 slide-even'><div data-rel='slideshow-1' class='avia-slide-wrap '   ><img decoding=\"async\" fetchpriority=\"high\" class=\"wp-image-290 avia-img-lazy-loading-not-290\"  src=\"https:\/\/awakendivineconsciousness.com\/wp-content\/uploads\/2024\/04\/IMG_20231023_193744-1500x430.jpg\" width=\"1500\" height=\"430\" title='IMG_20231023_193744' alt=''  itemprop=\"thumbnailUrl\"   \/><\/div><\/li><\/ul><div class='avia-slideshow-arrows avia-slideshow-controls' ><a href='#prev' class='prev-slide ' aria-hidden='true' data-av_icon='\ue87c' data-av_iconfont='entypo-fontello'  tabindex='-1'>Vorige<\/a><a href='#next' class='next-slide ' aria-hidden='true' data-av_icon='\ue87d' data-av_iconfont='entypo-fontello'  tabindex='-1'>Volgende<\/a><\/div><div class='avia-slideshow-dots avia-slideshow-controls'><a href='#1' class='goto-slide active' >1<\/a><a href='#2' class='goto-slide ' >2<\/a><a href='#3' class='goto-slide ' >3<\/a><a href='#4' class='goto-slide ' >4<\/a><a href='#5' class='goto-slide ' >5<\/a><a href='#6' class='goto-slide ' >6<\/a><\/div><\/div><\/div>\n<\/div><\/div><\/main><!-- close content main element --><\/div><\/div><div id='after_section_1'  class='main_color av_default_container_wrap container_wrap fullsize'  ><div class='container av-section-cont-open' ><div class='template-page content  av-content-full alpha units'><div class='post-entry post-entry-type-page post-entry-134'><div class='entry-content-wrapper clearfix'>\n\n<style type=\"text\/css\" data-created_by=\"avia_inline_auto\" id=\"style-css-av-luuu1505-e1b1a71c09eda5dd960fae54ad757a0b\">\n.avia_transform .flex_column.av-luuu1505-e1b1a71c09eda5dd960fae54ad757a0b{\nanimation-duration:3.5s;\n}\n<\/style>\n<div  class='flex_column av-luuu1505-e1b1a71c09eda5dd960fae54ad757a0b av_one_full  avia-builder-el-3  el_after_av_section  avia-builder-el-no-sibling  first flex_column_div av-animated-generic fade-in  '     ><section  class='av_textblock_section av-luuu0dpy-38eac60d865d41ecfb0f30257b4dd704 '   itemscope=\"itemscope\" itemtype=\"https:\/\/schema.org\/CreativeWork\" ><div class='avia_textblock'  itemprop=\"text\" ><p><img loading=\"lazy\" decoding=\"async\" class=\"alignright size-portfolio wp-image-330\" src=\"https:\/\/awakendivineconsciousness.com\/wp-content\/uploads\/2024\/04\/hekl-495x400.jpg\" alt=\"\" width=\"495\" height=\"400\" srcset=\"https:\/\/awakendivineconsciousness.com\/wp-content\/uploads\/2024\/04\/hekl-495x400.jpg 495w, https:\/\/awakendivineconsciousness.com\/wp-content\/uploads\/2024\/04\/hekl-845x684.jpg 845w\" sizes=\"auto, (max-width: 495px) 100vw, 495px\" \/><\/p>\n<p><b>Priv\u00e9 sessies:<\/b><\/p>\n<p><span style=\"font-weight: 400;\">De priv\u00e9 sessies met Divyael brengen een diepgaand proces teweeg, waarbij op kort termijn veel positieve veranderingen direct merkbaar zijn. Divyael biedt begeleiding in je reis naar heling en persoonlijke groei. Dit doet hij door counseling, energiewerk en spirituele begeleiding te combineren, om je zo in contact te brengen met je innerlijke wijsheid en het vinden van de juiste balans. Tijdens deze sessies voert Divyael een krachtige aura reiniging uit en verandert of vult energie\u00ebn aan waar dat nodig is in- en rond jouw systeem.\u00a0<\/span><\/p>\n<p><span style=\"font-weight: 400;\">Iedere sessie bestaat uit 3 onderdelen van gemiddeld 30 minuten. Je begint met een afstemming, waarin je je eigen vragen en uitdagingen kunt inbrengen. Vervolgens doet Divyael een persoonlijke healing met je en tot slot ontvang je de divine energy healing.\u00a0<\/span><\/p>\n<p><b><i>Start<\/i><\/b><\/p>\n<p><span style=\"font-weight: 400;\">De sessie start met een gesprek waarin ruimte geboden wordt om te delen wat er op je hart ligt. Divyael maakt vervolgens een energetische verbinding<\/span> <span style=\"font-weight: 400;\">om inzichten te mogen ontvangen die relevant zijn voor de situatie die je met hem deelt.<\/span><\/p>\n<p><strong><i>Persoonlijke healing<\/i><\/strong><\/p>\n<p><span style=\"font-weight: 400;\">Aansluitend aan dit gesprek vindt de heling plaats. Dit gebeurt in staande positie, waarbij Divyael om je heen loopt en je aura waarneemt. Begeleid door zijn team van gidsen (spirit guides) ziet hij wat er zich binnen jouw aura bevindt en wat je niet meer dient. Denk hierbij bijvoorbeeld aan zware vibraties van jezelf of anderen, (ongewenste) lijnen naar anderen of entiteiten. Wat niet meer dient zal verwijderd worden uit jouw energetisch veld. Het kan echter soms voorkomen dat bepaalde energie\u00ebn nog niet verwijderd mogen worden, omdat er nog te leren lessen aan verbonden zijn. Als dit het geval is, zal Divyael de weg van je Ziel hierin respecteren en verwijdert hij alleen wat er op dat moment mag gebeuren.\u00a0<\/span><\/p>\n<p><span style=\"font-weight: 400;\">Met deze werkwijze blijft een sessie en het daaropvolgende herstel dan ook behapbaar, constructief en\u00a0 liefdevol. In sommige gevallen komt het voor dat in de periode na een sessie zaken die eerder nog niet verwijderd konden worden, zich aandienen voor transformatie door de ontstane ruimte binnen je systeem.<\/span><\/p>\n<p><span style=\"font-weight: 400;\">Divyael doorvoeld de blokkades binnen je fysiek en energetisch systeem, zoals je chakra\u2019s, meridianen, aura en brengt deze opnieuw in balans voor jouw hoogste intentie. Na een sessie mag je ervan uitgaan dat je energetisch uitgelijnd bent en dat de voor jou nodige veranderingen zijn ingezet.<\/span><\/p>\n<p><span style=\"font-weight: 400;\">Wanneer je thuis komt, is het aan jou om deze veranderingen te blijven ondersteunen en bekrachtigen en zul je merken dat dit vele malen soepeler verloopt. Divyael zal jou persoonlijke tips en adviezen geven waar dat eventueel nog van toepassing is\/over hoe je dit kunt doen.\u00a0<\/span><\/p>\n<p><strong><i>Divine Energy healing<\/i><\/strong><\/p>\n<p><span style=\"font-weight: 400;\">Wanneer de bovenstaande structuur is toegepast en alles helder is, gaat Divyael voor je staan en verbindt hij zich dieper met de Goddelijke energie van de bron, ofwel de Divine Energy. Hij channeled daarbij de energie,<\/span><span style=\"font-weight: 400;\">\u00a0<\/span><span style=\"font-weight: 400;\">waarbij het overgedragen wordt aan jou. Zijn gidsen vertellen hem in welke chakra\u2019s de Divine Energy geplaatst mag worden, wat ongeveer 30 tot 40 seconden in beslag neemt. Veelal wordt dit als enorm ontspannend ervaren, en velen hebben de neiging direct te willen gaan liggen<\/span><span style=\"font-weight: 400;\">, je<\/span><span style=\"font-weight: 400;\"> wordt hierbij begeleid door Diyvael. Het werk van Divyael zit er dan grotendeels op. Je eigen gidsen, leraren en de geascendeerde meesters die<\/span><span style=\"font-weight: 400;\"> in- en om jouw systeem<\/span><span style=\"font-weight: 400;\">, werken, zullen voor je zorgen en de heling verder volbrengen.\u00a0<\/span><\/p>\n<p><span style=\"font-weight: 400;\">Ieder persoon kent hiermee zijn eigen unieke ervaringen. Velen zeggen dat zij zich erg liefdevol en vredig voelen, en verkeren in een staat van gelukzaligheid. Anderen geven aan sterke emoties te ervaren, resulterend in het loslaten en opruimen van emotionele blokkades. Dit kan gepaard gaan met het deels of volledig verliezen van tijdsbesef en het gevoel alsof jij je in een andere dimensie bevindt. Daarbij worden vaak visioenen, kleuren, patronen van licht en het doorkrijgen van boodschappen of wijsheden ervaren. Een blijvende verschuiving en verruiming van het bewustzijn is in alle gevallen het gevolg!<\/span><\/p>\n<p><span style=\"font-weight: 400;\">Divyael verblijft in nabijheid, stuur je zegeningen en houdt oog op dat het gehele proces goed verloopt. Je krijgt de tijd om in je eigen proces te verblijven, tot je zelf het gevoel hebt dat je uit de energie komt. Dit proces kan 30 tot 60 minuten duren. Als Divyael opmerkt dat je gidsen nog iets met je willen delen, dan zal hij dit met je communiceren. Vervolgens wordt de sessie afgerond.\u00a0<\/span><\/p>\n<p><strong><i>Integratie en nazorg<\/i><\/strong><\/p>\n<p><span style=\"font-weight: 400;\">Het is raadzaam om gedurende ongeveer twee weken na de sessie ruimte te cre\u00ebren om de energie\u00ebn te integreren en contact te maken met je gidsen die op dat moment met je verbonden zijn. Hierbij kun je de gidsen en je Hogere Zelf vragen om de energie\u00ebn meer in je fysieke lichaam te ankeren\/toe te laten. Tijdens deze periode van twee weken is het van belang rust te behouden, te doorvoelen wat er veranderd is en ruimte te bieden aan wat zich eventueel nog aan je wil laten zien. Wees daarbij vriendelijk voor je fysieke lichaam en geniet vooral van de ruimte die veelal voelbaar is na deze sessie(s).\u00a0<\/span><\/p>\n<p><strong><i>Praktische informatie<\/i><\/strong><\/p>\n<p><span style=\"font-weight: 400;\">Een sessie duurt ongeveer anderhalf tot twee uur in totaal.<\/span><\/p>\n<p><span style=\"font-weight: 400;\">De kosten voor een sessie zijn \u20ac120,- Euro<\/span><\/p>\n<p><span style=\"font-weight: 400;\">De sessies kunnen zowel fysiek (in Preston, Engeland), als op specifieke dagen tijdens reizen van Divyael geboekt worden.\u00a0<\/span><\/p>\n<p><span style=\"font-weight: 400;\">Daarnaast kunnen de sessies ook via online videocalls plaatsvinden. <\/span><\/p>\n<p><span style=\"font-weight: 400;\">Het \u00e9\u00e9n op \u00e9\u00e9n contact is zowel fysiek als online even effectief!<\/span><\/p>\n<p><span style=\"font-weight: 400;\">Voor het boeken van een consult, <a href=\"https:\/\/awakendivineconsciousness.com\/index.php\/contact\/\">klik hier.<\/a><\/span><\/p>\n<\/div><\/section><\/div>\n","protected":false},"excerpt":{"rendered":"","protected":false},"author":2,"featured_media":0,"parent":0,"menu_order":0,"comment_status":"closed","ping_status":"closed","template":"","meta":{"footnotes":""},"class_list":["post-134","page","type-page","status-publish","hentry"],"_links":{"self":[{"href":"https:\/\/awakendivineconsciousness.com\/index.php\/wp-json\/wp\/v2\/pages\/134","targetHints":{"allow":["GET"]}}],"collection":[{"href":"https:\/\/awakendivineconsciousness.com\/index.php\/wp-json\/wp\/v2\/pages"}],"about":[{"href":"https:\/\/awakendivineconsciousness.com\/index.php\/wp-json\/wp\/v2\/types\/page"}],"author":[{"embeddable":true,"href":"https:\/\/awakendivineconsciousness.com\/index.php\/wp-json\/wp\/v2\/users\/2"}],"replies":[{"embeddable":true,"href":"https:\/\/awakendivineconsciousness.com\/index.php\/wp-json\/wp\/v2\/comments?post=134"}],"version-history":[{"count":26,"href":"https:\/\/awakendivineconsciousness.com\/index.php\/wp-json\/wp\/v2\/pages\/134\/revisions"}],"predecessor-version":[{"id":482,"href":"https:\/\/awakendivineconsciousness.com\/index.php\/wp-json\/wp\/v2\/pages\/134\/revisions\/482"}],"wp:attachment":[{"href":"https:\/\/awakendivineconsciousness.com\/index.php\/wp-json\/wp\/v2\/media?parent=134"}],"curies":[{"name":"wp","href":"https:\/\/api.w.org\/{rel}","templated":true}]}}